t is the remainder when 389172 is divided by 3216?
36
What is the remainder when 39155 is divided by 861?
410
Calculate the remainder when 8749568 is divided by 115125.
68
What is the remainder when 554178 is divided by 79148?
142
Calculate the remainder when 101472039 is divided by 4076.
19
What is the remainder when 111094694 is divided by 89?
88
What is the remainder when 283281 is divided by 25644?
1197
What is the remainder when 6058355 is divided by 865479?
2
What is the remainder when 1729625 is divided by 345909?
80
What is the remainder when 119110 is divided by 1061?
278
Calculate the remainder when 2576556 is divided by 3071.
3058
What is the remainder when 17328606 is divided by 740?
26
What is the remainder when 45539 is divided by 45494?
45
Calculate the remainder when 773346 is divided by 578.
560
Calculate the remainder when 4387882 is divided by 979.
4
What is the remainder when 3649968 is divided by 296?
288
What is the remainder when 5207883 is divided by 253?
131
Calculate the remainder when 173130 is divided by 8971.
2681
Calculate the remainder when 40852302 is divided by 3526.
66
What is the remainder when 636869 is divided by 1286?
299
What is the remainder when 31187 is divided by 4221?
1640
What is the remainder when 54950627 is divided by 201?
41
What is the remainder when 3848575 is divided by 772?
155
Calculate the remainder when 344163 is divided by 1834.
1205
Calculate the remainder when 10647842 is divided by 967978.
84
Calculate the remainder when 61307 is divided by 15324.
11
Calculate the remainder when 126859 is divided by 17917.
1440
What is the remainder when 216215 is divided by 108091?
33
Calculate the remainder when 31086921 is divided by 413.
411
What is the remainder when 214603 is divided by 9275?
1278
What is the remainder when 400669 is divided by 23564?
81
Calculate the remainder when 1681413829 is divided by 7.
4
Calculate the remainder when 12145925 is divided by 229.
223
What is the remainder when 1988296 is divided by 254?
238
What is the remainder when 10805132 is divided by 1854?
20
Calculate the remainder when 4323224 is divided by 116.
20
What is the remainder when 288415 is divided by 95595?
1630
Calculate the remainder when 48731 is divided by 23262.
2207
Calculate the remainder when 8105832 is divided by 42.
0
Calculate the remainder when 3254692 is divided by 669.
7
What is the remainder when 976050581 is divided by 78?
77
Calculate the remainder when 3259765 is divided by 325.
15
What is the remainder when 4508280 is divided by 457?
432
Calculate the remainder when 167385 is divided by 6.
3
Calculate the remainder when 23271621 is divided by 735.
51
What is the remainder when 981306 is divided by 1006?
456
Calculate the remainder when 6131115 is divided by 346.
341
What is the remainder when 268140369 is divided by 8875?
8869
What is the remainder when 833945 is divided by 866?
853
What is the remainder when 11105501 is divided by 186?
185
What is the remainder when 109563 is divided by 322?
83
Calculate the remainder when 8870 is divided by 2063.
618
Calculate the remainder when 89205 is divided by 5104.
2437
What is the remainder when 22082331 is divided by 54256?
139
Calculate the remainder when 4780 is divided by 2526.
2254
What is the remainder when 636921 is divided by 26519?
465
What is the remainder when 16898 is divided by 371?
203
What is the remainder when 4943986 is divided by 5150?
5136
What is the remainder when 711607377 is divided by 110?
107
Calculate the remainder when 1577523 is divided by 525833.
24
Calculate the remainder when 518604 is divided by 258769.
1066
Calculate the remainder when 40243 is divided by 39873.
370
What is the remainder when 198141 is divided by 491?
268
Calculate the remainder when 12087764 is divided by 1447.
973
Calculate the remainder when 23495 is divided by 181.
146
Calculate the remainder when 11439 is divided by 3363.
1350
What is the remainder when 941459 is divided by 130?
129
Calculate the remainder when 1145771 is divided by 229152.
11
What is the remainder when 5858805 is divided by 418485?
15
What is the remainder when 799975 is divided by 34?
23
Calculate the remainder when 64478374 is divided by 1625.
1624
Calculate the remainder when 465398 is divided by 155130.
8
What is the remainder when 708764 is divided by 49?
28
Calculate the remainder when 7806285 is divided by 251.
185
Calculate the remainder when 85678969 is divided by 1441.
1432
Calculate the remainder when 5637513 is divided by 280.
273
Calculate the remainder when 3167472 is divided by 2006.
2004
What is the remainder when 13952177 is divided by 18?
17
What is the remainder when 29211197 is divided by 3558?
17
Calculate the remainder when 3745383 is divided by 774.
771
Calculate the remainder when 2347884 is divided by 4640.
44
What is the remainder when 490208 is divided by 84?
68
What is the remainder when 156171 is divided by 22310?
1
Calculate the remainder when 256839 is divided by 16029.
375
What is the remainder when 49571 is divided by 2607?
38
Calculate the remainder when 224349 is divided by 111727.
895
What is the remainder when 3929046 is divided by 14552?
6
What is the remainder when 20682482 is divided by 7280?
2
Calculate the remainder when 1572284 is divided by 3095.
24
Calculate the remainder when 14292090 is divided by 1733.
39
What is the remainder when 341870 is divided by 56978?
2
Calculate the remainder when 2556610 is divided by 567.
7
Calculate the remainder when 2360769 is divided by 3131.
3126
Calculate the remainder when 179046 is divided by 293.
23
What is the remainder when 412480 is divided by 2395?
540
What is the remainder when 14747435 is divided by 37?
12
Calculate the remainder when 230786 is divided by 4046.
164
What is the remainder when 26313 is divided by 419?
335
What is the remainder when 1692540 is divided by 24179?
10
What is the remainder when 613277132 is divided by 7?
6
What is the remainder when 359898 is divided by 46?
40
Calculate the remainder when 322640 is divided by 6584.
24
Calculate the remainder when 10725772 is divided by 35871.
343
What is the remainder when 198540 is divided by 16543?
24
Calculate the remainder when 8623879 is divided by 52.
43
What is the remainder when 5478303 is divided by 2739143?
17
Calculate the remainder when 12204330 is divided by 651.
33
Calculate the remainder when 1621322 is divided by 14.
10
Calculate the remainder when 33555959 is divided by 408.
407
What is the remainder when 8865195 is divided by 951?
924
What is the remainder when 5316620 is divided by 2658271?
78
Calculate the remainder when 1407546 is divided by 237.
3
What is the remainder when 64696 is divided by 1237?
372
What is the remainder when 586370 is divided by 550?
70
Calculate the remainder when 12175423 is divided by 1483.
1476
Calculate the remainder when 7609122 is divided by 337.
336
Calculate the remainder when 2097894 is divided by 2590.
2584
Calculate the remainder when 17517 is divided by 2159.
245
What is the remainder when 137006 is divided by 2241?
305
What is the remainder when 4829287 is divided by 102?
97
Calculate the remainder when 43791 is divided by 2590.
2351
What is the remainder when 12669 is divided by 3204?
3057
What is the remainder when 11092628 is divided by 3697507?
107
Calculate the remainder when 9491019 is divided by 466.
463
What is the remainder when 17801795 is divided by 556306?
3
Calculate the remainder when 4772992 is divided by 4684.
4680
What is the remainder when 7575093 is divided by 26?
19
What is the remainder when 2042097 is divided by 696?
33
What is the remainder when 681693 is divided by 4575?
18
What is the remainder when 99057131 is divided by 22?
19
Calculate the remainder when 241045 is divided by 19415.
8065
What is the remainder when 129035 is divided by 2216?
507
Calculate the remainder when 314387 is divided by 295.
212
Calculate the remainder when 375716 is divided by 141.
92
What is the remainder when 6259894 is divided by 3293?
3194
Calculate the remainder when 3363801 is divided by 53.
50
Calculate the remainder when 10372177 is divided by 341.
321
Calculate the remainder when 36750994 is divided by 108.
106
Calculate the remainder when 4816665 is 